{"id":2206,"date":"2020-06-07T01:56:37","date_gmt":"2020-06-06T23:56:37","guid":{"rendered":"http:\/\/givensolutions.net\/?page_id=2206"},"modified":"2020-06-12T12:58:21","modified_gmt":"2020-06-12T10:58:21","slug":"p-de-services","status":"publish","type":"page","link":"https:\/\/givensolutions.net\/?page_id=2206","title":{"rendered":"Prestation de services"},"content":{"rendered":"[vc_row][vc_column width=\u00a0\u00bb1\/2&Prime;][vc_single_image image=\u00a0\u00bb2236&Prime; img_size=\u00a0\u00bb600X400&Prime; style=\u00a0\u00bbvc_box_border\u00a0\u00bb border_color=\u00a0\u00bbblue\u00a0\u00bb]<div class='cws_textmodule cws_vc_shortcode_module' id='cws_textmodule_69f68ec2d16ac'><div class='cws_textmodule_wrapper '><div class='cws_textmodule_text text_align_left'><div class='cws_textmodule_titles display_block'><\/div><div class='cws_textmodule_content'><div class='text_content_wrapper'><div id=\"comp-jluniyrlinlineContent-gridWrapper\" data-mesh-internal=\"true\">\n<div id=\"comp-jluniyrlinlineContent-gridContainer\" data-mesh-internal=\"true\">\n<div id=\"comp-jluniyrt\" class=\"txtNew\" data-packed=\"true\" data-vertical-text=\"false\">\n<h2 class=\"font_2\">PORTE CHAR<br \/>\nCONVOI EXCEPTIONNEL<\/h2>\n<\/div>\n<div id=\"comp-jluniz0g\" class=\"style-jluniz0k\" data-border-width=\"1\"><\/div>\n<div id=\"comp-jluniyv9\" class=\"txtNew\" data-packed=\"true\" data-vertical-text=\"false\">\n<p class=\"font_8\">Notre \u00e9quipe met \u00e0 la disposition de la client\u00e8le des portes-chars, \u00e0 leur demande, pour le transport d\u2019engins lourds. Les portes-chars sont g\u00e9n\u00e9ralement utilis\u00e9s dans les gros chantiers, les mines\u2026<\/p>\n<p class=\"font_8\">Aussi appel\u00e9 \u00ab\u00a0Oversize\u00a0\u00bb en anglais, cet appareil roulant peut-\u00eatre utilis\u00e9 pour les mat\u00e9riels surdimensionn\u00e9s.<\/p>\n<\/div>\n<\/div>\n<\/div>\n<\/div><\/div><\/div><\/div><\/div><div class='sc_button_wrapper align-left mobile-align-center'><div id='cws_vc_shortcode_button_69f68ec2d17f2' class='cws_custom_button_wrapper cws_sc_button regular default'><span><a href='http:\/\/givensolutions.net\/?page_id=848' class='cws_custom_button'><span>Demanez un devis<\/span><\/a><\/span><\/div><\/div>[\/vc_column][vc_column width=\u00a0\u00bb1\/2&Prime;][vc_single_image image=\u00a0\u00bb2237&Prime; img_size=\u00a0\u00bb600X400&Prime; style=\u00a0\u00bbvc_box_border\u00a0\u00bb border_color=\u00a0\u00bbjuicy_pink\u00a0\u00bb]<div class='cws_textmodule cws_vc_shortcode_module' id='cws_textmodule_69f68ec2d1993'><div class='cws_textmodule_wrapper '><div class='cws_textmodule_text text_align_left'><div class='cws_textmodule_titles display_block'><\/div><div class='cws_textmodule_content'><div class='text_content_wrapper'><div id=\"comp-jluniyrlinlineContent-gridWrapper\" data-mesh-internal=\"true\">\n<div id=\"comp-jluniyrlinlineContent-gridContainer\" data-mesh-internal=\"true\">\n<div id=\"comp-jlunl83x\" class=\"txtNew\" data-packed=\"true\" data-vertical-text=\"false\">\n<h2 class=\"font_2\">GRUE TELESCOPIQUE<\/h2>\n<\/div>\n<div id=\"comp-jlunl8fn\" class=\"style-jluniz0k\" data-border-width=\"1\"><\/div>\n<div id=\"comp-jlunl890\" class=\"txtNew\" data-packed=\"true\" data-vertical-text=\"false\">\n<p class=\"font_8\">La grue, un appareil de levage le plus souvent utilis\u00e9e pour manutentionner les mat\u00e9riaux lourds surtout au niveau des chantiers ou les b\u00e2timents de travaux publics.<\/p>\n<p class=\"font_8\">Cet appareil est devenu incontournable dans les gros chantiers pour nos pays africains en voie de d\u00e9veloppement. Conscient de cet enjeu, notre soci\u00e9t\u00e9 est pr\u00eate \u00e0 vous accompagner pour vos demandes futures.<\/p>\n<\/div>\n<\/div>\n<\/div>\n<\/div><\/div><\/div><\/div><\/div><div class='sc_button_wrapper align-left mobile-align-center'><div id='cws_vc_shortcode_button_69f68ec2d1aca' class='cws_custom_button_wrapper cws_sc_button regular default'><span><a href='http:\/\/givensolutions.net\/?page_id=848' class='cws_custom_button'><span>Demanez un devis<\/span><\/a><\/span><\/div><\/div>[\/vc_column][\/vc_row][vc_row][vc_column][vc_zigzag][\/vc_column][\/vc_row][vc_row][vc_column width=\u00a0\u00bb1\/2&Prime;][vc_single_image image=\u00a0\u00bb2238&Prime; img_size=\u00a0\u00bb600X400&Prime; style=\u00a0\u00bbvc_box_border\u00a0\u00bb border_color=\u00a0\u00bbjuicy_pink\u00a0\u00bb]<div class='cws_textmodule cws_vc_shortcode_module' id='cws_textmodule_69f68ec2d1ca6'><div class='cws_textmodule_wrapper '><div class='cws_textmodule_text text_align_left'><div class='cws_textmodule_titles display_block'><\/div><div class='cws_textmodule_content'><div class='text_content_wrapper'><div id=\"comp-jluniyrlinlineContent-gridWrapper\" data-mesh-internal=\"true\">\n<div id=\"comp-jluniyrlinlineContent-gridContainer\" data-mesh-internal=\"true\">\n<div id=\"comp-jlupl4ny\" class=\"txtNew\" data-packed=\"true\" data-vertical-text=\"false\">\n<h2 class=\"font_2\">TRANSPORT BENNE<\/h2>\n<\/div>\n<div id=\"comp-jlupl4th\" class=\"style-jluniz0k\" data-border-width=\"1\"><\/div>\n<div id=\"comp-jlupl4y9\" class=\"txtNew\" data-packed=\"true\" data-vertical-text=\"false\">\n<p class=\"font_8\">Given Solutions sas ne m\u00e9nage aucun effort \u00e0 toutes les branches du transport routier. Ce faisant, les clients le souhaitant pourront b\u00e9n\u00e9ficier de nos camions benne.<\/p>\n<p class=\"font_8\">Ce type de camion est utilis\u00e9 dans le transport du vrac et selon les types de marchandises, les c\u00e9r\u00e9ales (bl\u00e9, ma\u00efs, sorgho\u2026), les produits chimiques (souffre, phosphate\u2026).<\/p>\n<\/div>\n<\/div>\n<\/div>\n<\/div><\/div><\/div><\/div><\/div><div class='sc_button_wrapper align-left mobile-align-center'><div id='cws_vc_shortcode_button_69f68ec2d1d9d' class='cws_custom_button_wrapper cws_sc_button regular default'><span><a href='http:\/\/givensolutions.net\/?page_id=848' class='cws_custom_button'><span>Demanez un devis<\/span><\/a><\/span><\/div><\/div>[\/vc_column][vc_column width=\u00a0\u00bb1\/2&Prime;][vc_single_image image=\u00a0\u00bb2240&Prime; img_size=\u00a0\u00bb600X400&Prime; style=\u00a0\u00bbvc_box_border\u00a0\u00bb border_color=\u00a0\u00bbblue\u00a0\u00bb]<div class='cws_textmodule cws_vc_shortcode_module' id='cws_textmodule_69f68ec2d1f3c'><div class='cws_textmodule_wrapper '><div class='cws_textmodule_text text_align_left'><div class='cws_textmodule_titles display_block'><\/div><div class='cws_textmodule_content'><div class='text_content_wrapper'><div id=\"comp-jluniyrlinlineContent-gridWrapper\" data-mesh-internal=\"true\">\n<div id=\"comp-jluniyrlinlineContent-gridContainer\" data-mesh-internal=\"true\">\n<div id=\"comp-jluplt1u\" class=\"txtNew\" data-packed=\"true\" data-vertical-text=\"false\">\n<h2 class=\"font_2\">CAMION GRUE NACELLE<\/h2>\n<\/div>\n<div id=\"comp-jlupltcr\" class=\"txtNew\" data-packed=\"true\" data-vertical-text=\"false\">\n<p class=\"font_8\">Comme son nom l\u2019indique, ce mat\u00e9riel roulant est un camion disposant, d\u2019une nacelle \u00e9l\u00e9vatrice et t\u00e9lescopique, servant sp\u00e9cialement au travail en hauteur.<\/p>\n<p class=\"font_8\">Ses travaux sont le plus souvent\u00a0: la maintenance, la r\u00e9paration, l\u2019entretien, le nettoyage des immeubles ayant comme fa\u00e7ade des baies vitr\u00e9es ou tout autre type de nettoyage.<\/p>\n<\/div>\n<\/div>\n<\/div>\n<\/div><\/div><\/div><\/div><\/div><div class='sc_button_wrapper align-left mobile-align-center'><div id='cws_vc_shortcode_button_69f68ec2d202b' class='cws_custom_button_wrapper cws_sc_button regular default'><span><a href='http:\/\/givensolutions.net\/?page_id=848' class='cws_custom_button'><span>Demanez un devis<\/span><\/a><\/span><\/div><\/div>[\/vc_column][\/vc_row]\n","protected":false},"excerpt":{"rendered":"<p>[vc_row][vc_column width=\u00a0\u00bb1\/2&Prime;][vc_single_image image=\u00a0\u00bb2236&Prime; img_size=\u00a0\u00bb600X400&Prime; style=\u00a0\u00bbvc_box_border\u00a0\u00bb border_color=\u00a0\u00bbblue\u00a0\u00bb][\/vc_column][vc_column width=\u00a0\u00bb1\/2&Prime;][vc_single_image image=\u00a0\u00bb2237&Prime; img_size=\u00a0\u00bb600X400&Prime; style=\u00a0\u00bbvc_box_border\u00a0\u00bb border_color=\u00a0\u00bbjuicy_pink\u00a0\u00bb][\/vc_column][\/vc_row][vc_row][vc_column][vc_zigzag][\/vc_column][\/vc_row][vc_row][vc_column width=\u00a0\u00bb1\/2&Prime;][vc_single_image image=\u00a0\u00bb2238&Prime; img_size=\u00a0\u00bb600X400&Prime; style=\u00a0\u00bbvc_box_border\u00a0\u00bb border_color=\u00a0\u00bbjuicy_pink\u00a0\u00bb][\/vc_column][vc_column width=\u00a0\u00bb1\/2&Prime;][vc_single_image image=\u00a0\u00bb2240&Prime; img_size=\u00a0\u00bb600X400&Prime; style=\u00a0\u00bbvc_box_border\u00a0\u00bb border_color=\u00a0\u00bbblue\u00a0\u00bb][\/vc_column][\/vc_row]<\/p>\n","protected":false},"author":1,"featured_media":0,"parent":0,"menu_order":0,"comment_status":"closed","ping_status":"closed","template":"","meta":{"footnotes":""},"class_list":["post-2206","page","type-page","status-publish","hentry"],"_links":{"self":[{"href":"https:\/\/givensolutions.net\/index.php?rest_route=\/wp\/v2\/pages\/2206","targetHints":{"allow":["GET"]}}],"collection":[{"href":"https:\/\/givensolutions.net\/index.php?rest_route=\/wp\/v2\/pages"}],"about":[{"href":"https:\/\/givensolutions.net\/index.php?rest_route=\/wp\/v2\/types\/page"}],"author":[{"embeddable":true,"href":"https:\/\/givensolutions.net\/index.php?rest_route=\/wp\/v2\/users\/1"}],"replies":[{"embeddable":true,"href":"https:\/\/givensolutions.net\/index.php?rest_route=%2Fwp%2Fv2%2Fcomments&post=2206"}],"version-history":[{"count":15,"href":"https:\/\/givensolutions.net\/index.php?rest_route=\/wp\/v2\/pages\/2206\/revisions"}],"predecessor-version":[{"id":2320,"href":"https:\/\/givensolutions.net\/index.php?rest_route=\/wp\/v2\/pages\/2206\/revisions\/2320"}],"wp:attachment":[{"href":"https:\/\/givensolutions.net\/index.php?rest_route=%2Fwp%2Fv2%2Fmedia&parent=2206"}],"curies":[{"name":"wp","href":"https:\/\/api.w.org\/{rel}","templated":true}]}}